+ 3*a, a + 553 = 3*w. What is the units digit of w?
6
Let n = -21 + 24. Suppose -3*j + 0*j = 2*z - 9, 9 = 4*z - n*j. Suppose z*l - 87 = 249. What is the tens digit of l?
1
Suppose 470 = -7*u - 237. Let h = u + 172. Let w = 211 - h. What is the hundreds digit of w?
1
Let m(f) = 141*f**2 - 91*f + 788. What is the hundreds digit of m(17)?
9
Let i = 1357 + -959. Suppose -i = -5*l + 3*d, -3*l = -0*d + 4*d - 262. Suppose 2*p = -18 + l. What is the tens digit of p?
3
Let m(t) = 5*t**3 + 27*t**2 - 8*t - 25. What is the units digit of m(11)?
9
Let f = -9 - -19. Suppose -5*n - f = 20. Let b(o) = -9*o - 44. What is the tens digit of b(n)?
1
Suppose 3*q + 2*x = 2705, -4*x = -2*q - x + 1825. Suppose 0 = -126*y + 121*y + q. What is the tens digit of y?
8
Suppose 0 = 7*y + 171 - 857. Suppose 5*v - 2*l - y = 1941, -3*l - 1227 = -3*v. What is the units digit of v?
7
Let y = 2698 - 1926. Suppose n - y = -v - 3*n, -3121 = -4*v - 5*n. What is the tens digit of v?
8
Suppose -51*i = -239*i + 1093698 + 675946. What is the thousands digit of i?
9
Let n be 4/(-60)*3 - 738/10. Let a(h) = 111*h**3 + 2*h**2 - 3*h + 2. Let v be a(1). Let s = v + n. What is the units digit of s?
8
What is the units digit of 20/((-400)/(-404220)) + 9?
0
Suppose -4*n = -2*j + 12, 4*j - 2*n = 5*j - 2. Suppose -3*o = 3*d - 2637, -6*o = -9*o + j*d + 2609. What is the tens digit of o?
7
Suppose 4*j = 2*f + 3*f + 10173, -2*f + 10194 = 4*j. Let k(m) = 2*m**3 + 2*m**2 + 31*m + 22. Let i be k(7). Suppose i = 15*t - j. What is the units digit of t?
8
Let v = -50 + 42. Let o be 0 - 0*(-4)/v. Suppose 2*q + 3*i - 141 = o, 3*q + 2*i = 8*q - 324. What is the tens digit of q?
6
Let s(g) = -2*g**2 + 72*g - 22. Let b be s(36). Let d = b - -27. What is the units digit of d?
5
Suppose -4*j = 5*g + 24, 5*g = -0*g + 5*j - 60. What is the hundreds digit of (-2842)/g + -5 + (-253)/(-44)?
3
Suppose 37*b - 200 = 32*b. Suppose 5*q - b = -20. Suppose 4*w - 5*t - 337 = 0, 2*w - q*t - 76 = w. What is the tens digit of w?
8
Suppose 45*o = 22*o + 20*o + 18594. What is the units digit of o?
8
Let c(l) be the third derivative of -l**5/10 + l**4/3 - 5*l**3/6 - l**2. Let m be c(6). Let h = m + 274. What is the hundreds digit of h?
1
Let v = 19207 + -12575. What is the thousands digit of v?
6
Let p = -8678 - -14798. Suppose -10*x - p = -16*x. What is the units digit of x?
0
What is the hundreds digit of (-32916 - -1)*((-16)/24 - 10/30)?
9
Let b be (-19)/(-38) + (-61)/2 + 9. Let n = 6 - -16. Let t = b + n. What is the units digit of t?
1
Suppose -45 = -6*f - 3*f. Let q be (6/(-5))/(-2*f/25). Suppose q*d + 828 = 7*d. What is the hundreds digit of d?
2
Let c be 2/(-8)*(-33 + 17). Suppose 2*a + 562 = 4*u, 4*a + c = -16. What is the hundreds digit of u?
1
What is the hundreds digit of (-46)/253 + (-277833)/(-33)?
4
Suppose 0 = -3*n + 6. Suppose 110 - 712 = -n*p. Let i = p + -136. What is the units digit of i?
5
Suppose 99 - 2029 = 5*j. Let u = -283 - j. What is the tens digit of u?
0
Let d(a) = -2359*a - 2254. What is the units digit of d(-11)?
5
Let s be 10*-2*(-3)/10. Let b = s - 3. Suppose b*h = 10*h - 735. What is the hundreds digit of h?
1
Let j(x) = x**2 - x - 12. Let q be j(7). Suppose -16*y + q = -y. What is the tens digit of -5 + 1 + 149 + y + -4?
4
Let p = 49759 - 29567. What is the tens digit of p?
9
Let w(z) = -z**2 - 7*z - 15. Let x(a) = -11*a**3 - a**2 + 3*a - 1. Let k be x(1). Let y be w(k). What is the tens digit of 62 - ((-6)/y - (-96)/(-45))?
6
Let g(r) = 353*r**2 + 3*r + 3. Let f be g(-1). Let z = -167 + f. Suppose 8*j - 6*j = z. What is the tens digit of j?
9
Let m(j) = 13*j**2 + j - 2. Suppose 31 = 5*d - 54. Let h = d - 19. What is the tens digit of m(h)?
4
Suppose u - 4*t = -44, 3*u = 3*t + 122 - 191. Let y(n) be the second derivative of -n**3 + 10*n**2 - n. What is the tens digit of y(u)?
1
Let d = 1281 + 643. Suppose -11*v = -14*v, -4*k + 4*v = -d. What is the hundreds digit of k?
4
Let z = -610 + 615. Suppose z*f + w = 2199, 3*f = 3*w + 58 + 1265. What is the tens digit of f?
4
Let j = -521 - -522. What is the units digit of j/((-12736)/(-1415) + -9)?
5
Let o(z) = 8*z**2 - 65*z + 173. What is the units digit of o(5)?
8
Let l(u) = 175*u**2 - 302*u - 5. What is the thousands digit of l(8)?
8
Let f(c) = 11*c + 12. Let j(d) = -7*d - 8. Let w(b) = 5*f(b) + 8*j(b). Let v be w(-22). Suppose -6*y = -42 + v. What is the units digit of y?
4
Let m = -30 + 30. Suppose -u + m*u + 6 = 0. Suppose -466 - 62 = -u*a. What is the units digit of a?
8
Suppose 29 = 2*j + j + 5*f, -4*j + 8 = -f. Let k be (-6)/(-9)*5 - (-2)/j. Suppose k*y - 125 = 3*y. What is the tens digit of y?
2
Suppose 0 = -4*w - 3*s + 16, -5*s + 20 = -2*w + 7*w. Suppose w*z - 2795 = -z. Let k = z - 300. What is the tens digit of k?
5
Suppose 120*h - 259*h = -128*h - 18051. What is the thousands digit of h?
1
Suppose -9340 = -34*l + 14*l. Let v = l + -263. What is the units digit of v?
4
Suppose 4*d = 1199 - 75. Suppose -289*r + 8896 = -d*r. What is the thousands digit of r?
1
Let v(q) = -11 - 15 - 24 + 18 + 89*q. What is the tens digit of v(8)?
8
Suppose 0 = 2*c - 20 + 12. Suppose -3*p + 8*l = 10*l - 910, -c*l - 308 = -p. What is the units digit of p?
4
Suppose -17*f + 2368 = -97. What is the hundreds digit of f?
1
Suppose 392*m - 16459128 = 992370 - 3097242. What is the tens digit of m?
1
Let s(g) = 3271*g - 1419. What is the thousands digit of s(18)?
7
Let d = 65949 - 29092. What is the ten thousands digit of d?
3
Let u(v) = -43*v**3 + 14*v**2 - 9*v - 41. What is the thousands digit of u(-12)?
6
Suppose -22*p = -16*p - 42000. Suppose -23*r = -3*r - p. What is the units digit of r?
0
Let b = -325 - -1381. Suppose -8*h + b + 3320 = 0. What is the tens digit of h?
4
Suppose -m = 2*c - 2985, 2*m + 190*c - 192*c = 5958. What is the tens digit of m?
8
Let q(r) = 2*r + 40. Let b be q(-20). What is the tens digit of b + 234 - (-6 - -4)?
3
Suppose 0 = 4*o - 4*k - 7224, 4*o = 502*k - 501*k + 7224. What is the units digit of o?
6
Let a(q) = 1038*q**2 - 2*q - 193. What is the units digit of a(6)?
3
Let d = -268 + 272. What is the hundreds digit of 3*(110 + -5 - d)?
3
Suppose 3*w + 2*a - 7786 = 0, -w + 4*a + 0*a = -2586. Suppose 3*v = -l + 143 + 1419, -3*l - w = -5*v. What is the units digit of v?
0
Let w = 92 + -71. What is the tens digit of 2/(-8)*-2598*14/w?
3
Suppose -s + 9 + 7 = 3*v, -4*s = 2*v - 94. Suppose -59 = -7*x + s. What is the units digit of (-60)/(-9)*x - 3?
7
Suppose -8*p - 21076 + 165444 = -77008. What is the thousands digit of p?
7
Let n be (-6214)/(-4) + (-119)/14 + 8. Let m = -659 + n. What is the units digit of m?
4
What is the hundreds digit of -2 + 2 - (-6954 - (-5 - -7))?
9
Suppose 0 = 2*o - 4*i - 6872, -5*o - i = -22650 + 5492. What is the units digit of o?
2
Let g = 2387 - -2111. What is the thousands digit of g?
4
Suppose -4*f - 6*i + 9*i - 7 = 0, -f + 2*i - 8 = 0. Suppose -f*y = -4*k - 1024, 5*y + 2*k - 3814 + 1194 = 0. What is the tens digit of y?
2
Suppose -2*a - 3*g + g = -9492, 0 = -2*g - 4. Suppose -12752 = -29*w - a. What is the tens digit of w?
7
Let x(d) = -12*d**2 + 2*d + 4. Let k be x(-1). What is the hundreds digit of (-1018)/8*(0 + k + -2)?
5
Let w be (18/(-4))/(-3) + (-136)/(-16). Let s be w/(-15)*(-321)/(-2). Let l = -105 - s. What is the units digit of l?
2
Let g(b) = 2. Let s(a) = 185*a**3 + a**2 - 2*a + 4. Let i(h) = -g(h) + s(h). Let d(f) = f**3 + 2*f**2 - 4*f - 2. Let k be d(-3). What is the tens digit of i(k)?
8
Suppose 17*k = 27962 + 31368. What is the tens digit of k?
9
Suppose 0 = -10*n + 2*n + 6360. Suppose 5*d = 4*x - n, 0 = 4*x - 3*x + 3*d - 220. What is the units digit of x?
5
Let a = -200 - -202. Suppose -s = -a*s + 598. What is the hundreds digit of s?
5
Let w be -5*(-22)/(3/((-30)/2)). Let q = w - -1043. What is the tens digit of q?
9
Suppose 17 = 2*g - 17. Suppose g*k + 16 = 18*k. What is the hundreds digit of (186 + 1 + -1)*k/24?
1
Suppose -38*w = -28*w - 87730. What is the thousands digit of w?
8
Let o(c) = -8*c - 22. Let u(i) = -11*i - 32. Let t(y) = 4*o(y) - 3*u(y). Let b be (0 + -1)*(7 + 0). What is the units digit of t(b)?
1
Let g(m) be the third derivative of 5*m**4/24 - 11*m**3/3 + 11*m**2. Let c be g(12). Let z = 28 + c. What is the units digit of z?
6
Let p(k) = -k**3 - 7*k**2 - 4*k + 6. Let t be 